{"id":104,"date":"2014-07-03T06:44:07","date_gmt":"2014-07-03T06:44:07","guid":{"rendered":"http:\/\/rasti-hyry.net\/wordpress\/?page_id=104"},"modified":"2014-07-03T08:22:16","modified_gmt":"2014-07-03T08:22:16","slug":"syyskokous-2013","status":"publish","type":"page","link":"http:\/\/rasti-hyry.net\/wordpress\/?page_id=104","title":{"rendered":"Syyskokous 2013"},"content":{"rendered":"<p style=\"color: #3a453b;\">Asia:\u00a0\u00a0\u00a0\u00a0\u00a0\u00a0\u00a0\u00a0\u00a0\u00a0\u00a0\u00a0\u00a0Rasti-Hyryn syyskokous<\/p>\n<p style=\"color: #3a453b;\">Paikka:\u00a0\u00a0\u00a0\u00a0\u00a0\u00a0\u00a0\u00a0\u00a0 Hyrynsalmi<\/p>\n<p style=\"color: #3a453b;\">Aika:\u00a0\u00a0\u00a0\u00a0\u00a0\u00a0\u00a0\u00a0\u00a0\u00a0\u00a0\u00a0 9.11.2013<\/p>\n<p style=\"color: #3a453b;\">KOKOUSP\u00d6YT\u00c4KIRJA<\/p>\n<p style=\"color: #3a453b;\">1. Sihteeri Juha Partanen avasi kokouksen klo 12.06<\/p>\n<p style=\"color: #3a453b;\">\u00a02. Valittiin kokouksen toimihenkil\u00f6t<\/p>\n<p style=\"color: #3a453b;\">&#8211; pj. Eero Juntunen<\/p>\n<p style=\"color: #3a453b;\">&#8211; siht. Juha Partanen<\/p>\n<p style=\"color: #3a453b;\">&#8211; p\u00f6yt\u00e4kirjan tarkastajat Teija Karppinen ja Paula Kemppainen<\/p>\n<p style=\"color: #3a453b;\">&#8211; \u00e4\u00e4ntenlaskijat Teija Karppinen ja Paula Kemppainen<\/p>\n<p style=\"color: #3a453b;\">\u00a03. L\u00e4sn\u00e4 kokouksessa 9 seuran j\u00e4sent\u00e4, osallistujaluettelo liitteen\u00e4<\/p>\n<p style=\"color: #3a453b;\">\u00a04. Todettiin kokous lailliseksi ja p\u00e4\u00e4t\u00e4nt\u00e4valtaiseksi<\/p>\n<p style=\"color: #3a453b;\">\u00a05. P\u00e4\u00e4tettiin, ett\u00e4 seuran urheilumuodot tulevana vuonna ovat suunnistus eri muodoissa.<\/p>\n<p style=\"color: #3a453b;\">\u00a06. Sihteeri Juha Partanen esitteli tulevan kauden toimintasuunniteleman ja talousarvion, jotka\u00a0hyv\u00e4ksyttiin seuraavin muutoksin: Toimintasuunnitelmaan kohtaan kuntoliikunta lis\u00e4t\u00e4\u00e4n lause:\u00a0J\u00e4rjestet\u00e4\u00e4n kiintorastit Ukkohallan maastoon. Talousarvio ja toimintasuunnitelma liittein\u00e4 1 ja 2.<\/p>\n<p style=\"color: #3a453b;\">\u00a07. Johtokunnan erovuoroisista j\u00e4senist\u00e4 Timo Partanen, Esa Romppainen ja Jarmo Juntunen valittiin uudelleen.<\/p>\n<p style=\"color: #3a453b;\">\u00a08. Toiminnantarkastajiksi valittiin Raija-Liisa Heikkinen ja Tiina Malm-Heikkinen ja varatoiminnantarkastajiksi Teija Karppinen ja Tuula Kivij\u00e4rvi.<\/p>\n<p style=\"color: #3a453b;\">\u00a09. J\u00e4senmaksuksi 2012 vahvistettiin perhe 20\u20ac, aikuinen 10\u20ac ja alle 16-vuotias 5\u20ac.<\/p>\n<p style=\"color: #3a453b;\">\u00a010. P\u00e4\u00e4tettiin, ett\u00e4 seuran johtokunta valitsee edustajat virallisiin kokouksiin.<\/p>\n<p style=\"color: #3a453b;\">\u00a011. Muut asiat:<\/p>\n<p style=\"color: #3a453b;\">&#8211; palkittiin kauden 2013 parhaimpia:<\/p>\n<p style=\"color: #3a453b;\">seuran paras suunnistaja: Hannu Niemel\u00e4<\/p>\n<p style=\"color: #3a453b;\">vuoden hiihtosuunnistaja: Juha-Pekka Ker\u00e4nen<\/p>\n<p style=\"color: #3a453b;\">Lis\u00e4ksi palkittiin suunnistuskouluun osallistuneet juniorit sek\u00e4 suunnistuskoulun ohjaaja Paula Kemppainen ett\u00e4 varastonhoidosta vastaava Teija Karppinen<\/p>\n<p style=\"color: #3a453b;\">12. Puheenjohtaja p\u00e4\u00e4tti kokouksen klo 12.56.<\/p>\n","protected":false},"excerpt":{"rendered":"<p>Asia:\u00a0\u00a0\u00a0\u00a0\u00a0\u00a0\u00a0\u00a0\u00a0\u00a0\u00a0\u00a0\u00a0Rasti-Hyryn syyskokous Paikka:\u00a0\u00a0\u00a0\u00a0\u00a0\u00a0\u00a0\u00a0\u00a0 Hyrynsalmi Aika:\u00a0\u00a0\u00a0\u00a0\u00a0\u00a0\u00a0\u00a0\u00a0\u00a0\u00a0\u00a0 9.11.2013 KOKOUSP\u00d6YT\u00c4KIRJA 1. Sihteeri Juha Partanen avasi kokouksen klo 12.06 \u00a02. Valittiin kokouksen toimihenkil\u00f6t &#8211; pj. Eero Juntunen &#8211; siht. Juha Partanen &#8211; p\u00f6yt\u00e4kirjan tarkastajat Teija Karppinen ja Paula Kemppainen &#8211; \u00e4\u00e4ntenlaskijat Teija Karppinen ja&hellip; <\/p>\n","protected":false},"author":1,"featured_media":0,"parent":12,"menu_order":1,"comment_status":"open","ping_status":"open","template":"","meta":{"footnotes":""},"class_list":["post-104","page","type-page","status-publish","hentry"],"_links":{"self":[{"href":"http:\/\/rasti-hyry.net\/wordpress\/index.php?rest_route=\/wp\/v2\/pages\/104","targetHints":{"allow":["GET"]}}],"collection":[{"href":"http:\/\/rasti-hyry.net\/wordpress\/index.php?rest_route=\/wp\/v2\/pages"}],"about":[{"href":"http:\/\/rasti-hyry.net\/wordpress\/index.php?rest_route=\/wp\/v2\/types\/page"}],"author":[{"embeddable":true,"href":"http:\/\/rasti-hyry.net\/wordpress\/index.php?rest_route=\/wp\/v2\/users\/1"}],"replies":[{"embeddable":true,"href":"http:\/\/rasti-hyry.net\/wordpress\/index.php?rest_route=%2Fwp%2Fv2%2Fcomments&post=104"}],"version-history":[{"count":6,"href":"http:\/\/rasti-hyry.net\/wordpress\/index.php?rest_route=\/wp\/v2\/pages\/104\/revisions"}],"predecessor-version":[{"id":170,"href":"http:\/\/rasti-hyry.net\/wordpress\/index.php?rest_route=\/wp\/v2\/pages\/104\/revisions\/170"}],"up":[{"embeddable":true,"href":"http:\/\/rasti-hyry.net\/wordpress\/index.php?rest_route=\/wp\/v2\/pages\/12"}],"wp:attachment":[{"href":"http:\/\/rasti-hyry.net\/wordpress\/index.php?rest_route=%2Fwp%2Fv2%2Fmedia&parent=104"}],"curies":[{"name":"wp","href":"https:\/\/api.w.org\/{rel}","templated":true}]}}