{"id":110,"date":"2014-07-03T06:45:36","date_gmt":"2014-07-03T06:45:36","guid":{"rendered":"http:\/\/rasti-hyry.net\/wordpress\/?page_id=110"},"modified":"2014-07-03T07:15:19","modified_gmt":"2014-07-03T07:15:19","slug":"syyskokous-2009","status":"publish","type":"page","link":"http:\/\/rasti-hyry.net\/wordpress\/?page_id=110","title":{"rendered":"Syyskokous 2009"},"content":{"rendered":"<p style=\"color: #3a453b;\">Rasti-Hyry ry<br \/>\nHyrynsalmi<\/p>\n<p>Asia:\u00a0\u00a0\u00a0 Rasti-Hyryn syyskokous<br \/>\nPaikka:\u00a0\u00a0\u00a0 Ukkohalla<br \/>\nAika:\u00a0\u00a0\u00a0 ma 28.12.2009<\/p>\n<p>KOKOUSP\u00d6YT\u00c4KIRJA<\/p>\n<p>1. Puheenjohtaja Eero Juntunen avasi kokouksen klo 19.48<\/p>\n<p>2. Valittiin kokouksen toimihenkil\u00f6t<br \/>\n&#8211; pj. Eero Juntunen<br \/>\n&#8211; siht. Juha Partanen<br \/>\n&#8211; p\u00f6yt\u00e4kirjan tarkastajat Tuula Partanen ja Jarmo Juntunen<br \/>\n&#8211; \u00e4\u00e4ntenlaskijat Tuula Partanen ja Jarmo Juntunen<\/p>\n<p>3. L\u00e4sn\u00e4 kokouksessa 12 seuran j\u00e4sent\u00e4, osallistujaluettelo liitteen\u00e4<\/p>\n<p>4. Todettiin kokous lailliseksi ja p\u00e4\u00e4t\u00e4nt\u00e4valtaiseksi<\/p>\n<p>5. P\u00e4\u00e4tettiin, ett\u00e4 seuran urheilumuodot tulevana vuonna ovat suunnistus, hiihto- ja py\u00f6r\u00e4suunnistus<\/p>\n<p>6. Pj. Eero Juntunen esitteli tulevan kauden toimintasuunniteleman ja talousarvion, jotka<br \/>\nhyv\u00e4ksyttiin esitettyin\u00e4. Toimintasuunnitelma ja talousarvio liittein\u00e4 1 ja 2.<\/p>\n<p>7. Johtokunnan erovuoroiset j\u00e4senet Timo Partanen, Esa Romppainen ja Jarmo Juntunen valittiin<br \/>\nuudelleen.<\/p>\n<p>8. Tlintarkastajiksi valittiin Raija-Liisa Heikkinen ja Tiina Malm ja varatilintarkastajiksi Teija<br \/>\nKarppinen ja Tuula Kivij\u00e4rvi.<\/p>\n<p>9. J\u00e4senmaksuksi 2010 vahvistettiin perhe 20\u20ac, aikuinen 10\u20ac ja alle 16-vuotias 5\u20ac<\/p>\n<p>10. P\u00e4\u00e4tettiin, ett\u00e4 johtokunta valitsee edustajat virallisiin kokouksiin keskuudestaan.<\/p>\n<p>11. Muut asiat:<br \/>\n&#8211; seura korvaa matkakorvauksia 10 snt\/km + 1snt\/lis\u00e4henkil\u00f6 nuorisocup, Am-\u00a0 ja SM-kilpailujen osalta<br \/>\n&#8211; seura maksaa alle 18-vuotiaille kaikki osanottomaksut my\u00f6s iltarastimaksut ja aikuisille arvokilpailuista Am- ja SM-kilpailujen sek\u00e4 viestien osanottomaksut<br \/>\n&#8211; hyv\u00e4ksyttiin seuran s\u00e4\u00e4nt\u00f6jen muutos, muutosesitys liitteen\u00e4 3<br \/>\n&#8211; p\u00e4\u00e4tettiin\u00a0 nimitt\u00e4\u00e4 seuran kunniapuheenjohtajaksi Seppo T\u00e4hk\u00e4p\u00e4\u00e4 ja kunniaj\u00e4seniksi Kalle Liimatta, Lauri Romppainen ja Toivo Kyll\u00f6nen<br \/>\n&#8211; p\u00e4\u00e4tettiin valita Eero Juntunen edustamaan seuraa Kainuun Suunnistukseen<br \/>\n&#8211; palkittiin kauden 2009 parhaimpia:<br \/>\nKallen Cup: Petteri Niskanen<br \/>\nseuran paras juniori: Reeta-Maria Partanen<br \/>\nvuoden hiihtosuunnistaja: Timo Partanen<br \/>\nseuran paras suunnistaja: Juha Partanen<\/p>\n<p style=\"color: #3a453b;\">\n12. Puheenjohtaja p\u00e4\u00e4tti kokouksen klo 20.46<\/p>\n","protected":false},"excerpt":{"rendered":"<p>Rasti-Hyry ry Hyrynsalmi Asia:\u00a0\u00a0\u00a0 Rasti-Hyryn syyskokous Paikka:\u00a0\u00a0\u00a0 Ukkohalla Aika:\u00a0\u00a0\u00a0 ma 28.12.2009 KOKOUSP\u00d6YT\u00c4KIRJA 1. Puheenjohtaja Eero Juntunen avasi kokouksen klo 19.48 2. Valittiin kokouksen toimihenkil\u00f6t &#8211; pj. Eero Juntunen &#8211; siht. Juha Partanen &#8211; p\u00f6yt\u00e4kirjan tarkastajat Tuula Partanen ja Jarmo Juntunen&hellip; <\/p>\n","protected":false},"author":1,"featured_media":0,"parent":12,"menu_order":4,"comment_status":"closed","ping_status":"closed","template":"","meta":{"footnotes":""},"class_list":["post-110","page","type-page","status-publish","hentry"],"_links":{"self":[{"href":"http:\/\/rasti-hyry.net\/wordpress\/index.php?rest_route=\/wp\/v2\/pages\/110","targetHints":{"allow":["GET"]}}],"collection":[{"href":"http:\/\/rasti-hyry.net\/wordpress\/index.php?rest_route=\/wp\/v2\/pages"}],"about":[{"href":"http:\/\/rasti-hyry.net\/wordpress\/index.php?rest_route=\/wp\/v2\/types\/page"}],"author":[{"embeddable":true,"href":"http:\/\/rasti-hyry.net\/wordpress\/index.php?rest_route=\/wp\/v2\/users\/1"}],"replies":[{"embeddable":true,"href":"http:\/\/rasti-hyry.net\/wordpress\/index.php?rest_route=%2Fwp%2Fv2%2Fcomments&post=110"}],"version-history":[{"count":2,"href":"http:\/\/rasti-hyry.net\/wordpress\/index.php?rest_route=\/wp\/v2\/pages\/110\/revisions"}],"predecessor-version":[{"id":144,"href":"http:\/\/rasti-hyry.net\/wordpress\/index.php?rest_route=\/wp\/v2\/pages\/110\/revisions\/144"}],"up":[{"embeddable":true,"href":"http:\/\/rasti-hyry.net\/wordpress\/index.php?rest_route=\/wp\/v2\/pages\/12"}],"wp:attachment":[{"href":"http:\/\/rasti-hyry.net\/wordpress\/index.php?rest_route=%2Fwp%2Fv2%2Fmedia&parent=110"}],"curies":[{"name":"wp","href":"https:\/\/api.w.org\/{rel}","templated":true}]}}