{"id":1133,"date":"2023-01-31T09:28:39","date_gmt":"2023-01-31T07:28:39","guid":{"rendered":"https:\/\/rasti-hyry.net\/wordpress\/?page_id=1133"},"modified":"2023-06-11T17:57:22","modified_gmt":"2023-06-11T14:57:22","slug":"rasti-hyryn-40-vuotisjuhlasuunnistus-ja-avoin-kainuun-am-keskimatka-10-6-2023","status":"publish","type":"page","link":"http:\/\/rasti-hyry.net\/wordpress\/?page_id=1133","title":{"rendered":"Rasti-Hyryn 40-vuotisjuhlasuunnistus ja avoin Kainuun Am-keskimatka 10.6.2023"},"content":{"rendered":"\n<p><a rel=\"noreferrer noopener\" href=\"http:\/\/rasti-hyry.net\/wordpress\/wp-content\/uploads\/2023\/01\/Karttapalat.jpg\" target=\"_blank\">Karttapalat<\/a> ja <a href=\"http:\/\/rasti-hyry.net\/wordpress\/wp-content\/uploads\/2023\/05\/Maasrokuvia.jpg\" target=\"_blank\" rel=\"noreferrer noopener\">maastokuvia<\/a><\/p>\n\n\n\n<p><a href=\"http:\/\/rasti-hyry.net\/wordpress\/wp-content\/uploads\/2023\/05\/Keskimatkan-kilpailukutsu-2023.pdf\" target=\"_blank\" rel=\"noreferrer noopener\">Kilpailukutsu<\/a><\/p>\n\n\n\n<p><a href=\"http:\/\/rasti-hyry.net\/wordpress\/wp-content\/uploads\/2023\/06\/Kilpailuohjeet-2023.pdf\" target=\"_blank\" rel=\"noreferrer noopener\">Alustavat kilpailuohjeet<\/a><\/p>\n\n\n\n<p><a href=\"http:\/\/rasti-hyry.net\/wordpress\/wp-content\/uploads\/2023\/05\/Ratamestarin-lausunto.pdf\" target=\"_blank\" rel=\"noreferrer noopener\">Ratamestarin lausunto<\/a><\/p>\n\n\n\n<p><a href=\"http:\/\/rasti-hyry.net\/wordpress\/wp-content\/uploads\/2023\/06\/lahtoluettelo-2023.html\" target=\"_blank\" rel=\"noreferrer noopener\">L\u00e4ht\u00f6ajat<\/a><\/p>\n\n\n\n<p><a rel=\"noreferrer noopener\" href=\"http:\/\/rasti-hyry.net\/wordpress\/wp-content\/uploads\/2023\/06\/tulokset_2023.html\" target=\"_blank\">Tulokset<\/a> ja <a href=\"http:\/\/rasti-hyry.net\/wordpress\/wp-content\/uploads\/2023\/06\/rastivaliajat_2023.html\" target=\"_blank\" rel=\"noreferrer noopener\">v\u00e4liajat<\/a><\/p>\n\n\n\n<p><a rel=\"noreferrer noopener\" href=\"https:\/\/www.livelox.com\/Events\/Show\/98147\/Kainuun-avoin-am-keskimatka\" target=\"_blank\">Livelox<\/a> (kokeillaan laittaa reitit t\u00e4nne)<\/p>\n\n\n\n<p><a href=\"http:\/\/rasti-hyry.net\/wordpress\/wp-content\/uploads\/2023\/06\/t230611.html\" target=\"_blank\" rel=\"noreferrer noopener\">Kuntosuunnistuksen tulokset<\/a><\/p>\n\n\n\n<p><a href=\"http:\/\/rasti-hyry.net\/wordpress\/wp-content\/uploads\/2023\/06\/v230611.html\" target=\"_blank\" rel=\"noreferrer noopener\">Kuntosuunnistuksen v\u00e4liajat<\/a><\/p>\n","protected":false},"excerpt":{"rendered":"<p>Karttapalat ja maastokuvia Kilpailukutsu Alustavat kilpailuohjeet Ratamestarin lausunto L\u00e4ht\u00f6ajat Tulokset ja v\u00e4liajat Livelox (kokeillaan laittaa reitit t\u00e4nne) Kuntosuunnistuksen tulokset Kuntosuunnistuksen v\u00e4liajat<\/p>\n","protected":false},"author":1,"featured_media":0,"parent":0,"menu_order":0,"comment_status":"closed","ping_status":"closed","template":"","meta":{"footnotes":""},"class_list":["post-1133","page","type-page","status-publish","hentry"],"_links":{"self":[{"href":"http:\/\/rasti-hyry.net\/wordpress\/index.php?rest_route=\/wp\/v2\/pages\/1133","targetHints":{"allow":["GET"]}}],"collection":[{"href":"http:\/\/rasti-hyry.net\/wordpress\/index.php?rest_route=\/wp\/v2\/pages"}],"about":[{"href":"http:\/\/rasti-hyry.net\/wordpress\/index.php?rest_route=\/wp\/v2\/types\/page"}],"author":[{"embeddable":true,"href":"http:\/\/rasti-hyry.net\/wordpress\/index.php?rest_route=\/wp\/v2\/users\/1"}],"replies":[{"embeddable":true,"href":"http:\/\/rasti-hyry.net\/wordpress\/index.php?rest_route=%2Fwp%2Fv2%2Fcomments&post=1133"}],"version-history":[{"count":20,"href":"http:\/\/rasti-hyry.net\/wordpress\/index.php?rest_route=\/wp\/v2\/pages\/1133\/revisions"}],"predecessor-version":[{"id":1235,"href":"http:\/\/rasti-hyry.net\/wordpress\/index.php?rest_route=\/wp\/v2\/pages\/1133\/revisions\/1235"}],"wp:attachment":[{"href":"http:\/\/rasti-hyry.net\/wordpress\/index.php?rest_route=%2Fwp%2Fv2%2Fmedia&parent=1133"}],"curies":[{"name":"wp","href":"https:\/\/api.w.org\/{rel}","templated":true}]}}

<p><a rel="noreferrer noopener" href="http://rasti-hyry.net/wordpress/wp-content/uploads/2023/01/Karttapalat.jpg" target="_blank">Karttapalat</a> ja <a href="http://rasti-hyry.net/wordpress/wp-content/uploads/2023/05/Maasrokuvia.jpg" target="_blank" rel="noreferrer noopener">maastokuvia</a></p>



<p><a href="http://rasti-hyry.net/wordpress/wp-content/uploads/2023/05/Keskimatkan-kilpailukutsu-2023.pdf" target="_blank" rel="noreferrer noopener">Kilpailukutsu</a></p>



<p><a href="http://rasti-hyry.net/wordpress/wp-content/uploads/2023/06/Kilpailuohjeet-2023.pdf" target="_blank" rel="noreferrer noopener">Alustavat kilpailuohjeet</a></p>



<p><a href="http://rasti-hyry.net/wordpress/wp-content/uploads/2023/05/Ratamestarin-lausunto.pdf" target="_blank" rel="noreferrer noopener">Ratamestarin lausunto</a></p>



<p><a href="http://rasti-hyry.net/wordpress/wp-content/uploads/2023/06/lahtoluettelo-2023.html" target="_blank" rel="noreferrer noopener">Lähtöajat</a></p>



<p><a rel="noreferrer noopener" href="http://rasti-hyry.net/wordpress/wp-content/uploads/2023/06/tulokset_2023.html" target="_blank">Tulokset</a> ja <a href="http://rasti-hyry.net/wordpress/wp-content/uploads/2023/06/rastivaliajat_2023.html" target="_blank" rel="noreferrer noopener">väliajat</a></p>



<p><a rel="noreferrer noopener" href="https://www.livelox.com/Events/Show/98147/Kainuun-avoin-am-keskimatka" target="_blank">Livelox</a> (kokeillaan laittaa reitit tänne)</p>



<p><a href="http://rasti-hyry.net/wordpress/wp-content/uploads/2023/06/t230611.html" target="_blank" rel="noreferrer noopener">Kuntosuunnistuksen tulokset</a></p>



<p><a href="http://rasti-hyry.net/wordpress/wp-content/uploads/2023/06/v230611.html" target="_blank" rel="noreferrer noopener">Kuntosuunnistuksen väliajat</a></p>

<p>Karttapalat ja maastokuvia Kilpailukutsu Alustavat kilpailuohjeet Ratamestarin lausunto Lähtöajat Tulokset ja väliajat Livelox (kokeillaan laittaa reitit tänne) Kuntosuunnistuksen tulokset Kuntosuunnistuksen väliajat</p>
