{"id":118,"date":"2014-07-03T06:49:58","date_gmt":"2014-07-03T06:49:58","guid":{"rendered":"http:\/\/rasti-hyry.net\/wordpress\/?page_id=118"},"modified":"2014-07-03T07:23:54","modified_gmt":"2014-07-03T07:23:54","slug":"kevatkokous-2008","status":"publish","type":"page","link":"http:\/\/rasti-hyry.net\/wordpress\/?page_id=118","title":{"rendered":"Kev\u00e4tkokous 2008"},"content":{"rendered":"<p>Asia: Rasti-Hyry ry:n kev\u00e4tkokous<br \/>\nPaikka: Ukkohalla<br \/>\nAika: 11.07.2008 klo 15.00<\/p>\n<p>1. Puheenjohtaja Timo Partanen avasi kokouksen klo 15.00<\/p>\n<p>2.\u00a0Valittiin kokouksen toimihenkil\u00f6t<\/p>\n<p>&#8211; pj. Timo Partanen<br \/>\n&#8211; sihteeri Juha-Pekka Ker\u00e4nen<br \/>\n&#8211; ptk. tarkastajat Jarmo Juntunen ja Juha Partanen<br \/>\n&#8211; \u00e4\u00e4ntenlaskijat Jarmo Juntunen ja Juha Partanen<\/p>\n<p>3.\u00a0Todettiin kokous lailliseksi ja p\u00e4\u00e4t\u00f6svaltaiseksi. Kokouskutsu ja esityslista olleet n\u00e4ht\u00e4v\u00e4n\u00e4 Rasti-Hyryn kotisivuilla. Osallistujalista p\u00f6yt\u00e4kirjan liitteen\u00e4.<\/p>\n<p>4.\u00a0Puheenjohtaja Timo Partanen esitteli vuoden 2007 toimintakertomuksen, joka hyv\u00e4ksyttiin. Toimintakertomus on n\u00e4ht\u00e4v\u00e4n\u00e4 Rasti-Hyryn kotisivuilla.<\/p>\n<p>Rahastonhoitaja Jarmo Juntunen esitteli vuoden 2007 tilinp\u00e4\u00e4t\u00f6ksen joka hyv\u00e4ksyttiin. Tilitoimiston tekem\u00e4 ja tilintarkastajien hyv\u00e4ksym\u00e4 tilinp\u00e4\u00e4t\u00f6s l\u00f6ytyy sihteerin kansiosta.<\/p>\n<p>5. My\u00f6nnettiin seuran johtokunnalle tili- ja vastuuvapaus vuodelle 2007<\/p>\n<p>6. Muut asiat<br \/>\n&#8211; todettiin KRV-2008 j\u00e4rjestelyjen onnistuneen loistavasti ja p\u00e4\u00e4tettiin valtuuttaa johtokunta muistamaan talkoolaisia ja vastuuhenkil\u00f6it\u00e4<br \/>\n&#8211; todettiin ett\u00e4 Trimtex on toimittanut uudet suunnistuspaidat viime kes\u00e4n ep\u00e4onnistuneiden paitojen tilalle<br \/>\n&#8211; keskusteltiin Kallen Kupin ajankohdasta: kilpailunj\u00e4rjest\u00e4j\u00e4 Petteri Niskanen tekee piakkoin ehdotuksensa, yritet\u00e4\u00e4n l\u00f6yt\u00e4\u00e4 aika joka sopii kaikille halukkaille<br \/>\n&#8211; pyrit\u00e4\u00e4n j\u00e4rjest\u00e4m\u00e4\u00e4n syksyn aikana Hyryrasteja Ukkohallan uudella kartalla<br \/>\n&#8211; todettiin ett\u00e4 nuorten ja aikuisten suunistuskoulu on py\u00f6rinyt hyvin kev\u00e4\u00e4st\u00e4 l\u00e4htien ja toimintaa jatketaan. Mukana on ollut kymmeni\u00e4 aktiivisia alkeiskurssilaisia!<\/p>\n<p>7. Puheenjohtaja p\u00e4\u00e4tti kokouksen klo 15.45<\/p>\n<p>pj. Timo Partanen<br \/>\nsiht. J-P Ker\u00e4nen<br \/>\nptk. tark. Jarmo Juntunen<br \/>\nptk. tark. Juha Partanen<\/p>\n","protected":false},"excerpt":{"rendered":"<p>Asia: Rasti-Hyry ry:n kev\u00e4tkokous Paikka: Ukkohalla Aika: 11.07.2008 klo 15.00 1. Puheenjohtaja Timo Partanen avasi kokouksen klo 15.00 2.\u00a0Valittiin kokouksen toimihenkil\u00f6t &#8211; pj. Timo Partanen &#8211; sihteeri Juha-Pekka Ker\u00e4nen &#8211; ptk. tarkastajat Jarmo Juntunen ja Juha Partanen &#8211; \u00e4\u00e4ntenlaskijat Jarmo&hellip; <\/p>\n","protected":false},"author":1,"featured_media":0,"parent":12,"menu_order":8,"comment_status":"closed","ping_status":"closed","template":"","meta":{"footnotes":""},"class_list":["post-118","page","type-page","status-publish","hentry"],"_links":{"self":[{"href":"http:\/\/rasti-hyry.net\/wordpress\/index.php?rest_route=\/wp\/v2\/pages\/118","targetHints":{"allow":["GET"]}}],"collection":[{"href":"http:\/\/rasti-hyry.net\/wordpress\/index.php?rest_route=\/wp\/v2\/pages"}],"about":[{"href":"http:\/\/rasti-hyry.net\/wordpress\/index.php?rest_route=\/wp\/v2\/types\/page"}],"author":[{"embeddable":true,"href":"http:\/\/rasti-hyry.net\/wordpress\/index.php?rest_route=\/wp\/v2\/users\/1"}],"replies":[{"embeddable":true,"href":"http:\/\/rasti-hyry.net\/wordpress\/index.php?rest_route=%2Fwp%2Fv2%2Fcomments&post=118"}],"version-history":[{"count":3,"href":"http:\/\/rasti-hyry.net\/wordpress\/index.php?rest_route=\/wp\/v2\/pages\/118\/revisions"}],"predecessor-version":[{"id":153,"href":"http:\/\/rasti-hyry.net\/wordpress\/index.php?rest_route=\/wp\/v2\/pages\/118\/revisions\/153"}],"up":[{"embeddable":true,"href":"http:\/\/rasti-hyry.net\/wordpress\/index.php?rest_route=\/wp\/v2\/pages\/12"}],"wp:attachment":[{"href":"http:\/\/rasti-hyry.net\/wordpress\/index.php?rest_route=%2Fwp%2Fv2%2Fmedia&parent=118"}],"curies":[{"name":"wp","href":"https:\/\/api.w.org\/{rel}","templated":true}]}}

Kevätkokous 2008

<p>Asia: Rasti-Hyry ry:n kevätkokous<br />
Paikka: Ukkohalla<br />
Aika: 11.07.2008 klo 15.00</p>
<p>1. Puheenjohtaja Timo Partanen avasi kokouksen klo 15.00</p>
<p>2. Valittiin kokouksen toimihenkilöt</p>
<p>&#8211; pj. Timo Partanen<br />
&#8211; sihteeri Juha-Pekka Keränen<br />
&#8211; ptk. tarkastajat Jarmo Juntunen ja Juha Partanen<br />
&#8211; ääntenlaskijat Jarmo Juntunen ja Juha Partanen</p>
<p>3. Todettiin kokous lailliseksi ja päätösvaltaiseksi. Kokouskutsu ja esityslista olleet nähtävänä Rasti-Hyryn kotisivuilla. Osallistujalista pöytäkirjan liitteenä.</p>
<p>4. Puheenjohtaja Timo Partanen esitteli vuoden 2007 toimintakertomuksen, joka hyväksyttiin. Toimintakertomus on nähtävänä Rasti-Hyryn kotisivuilla.</p>
<p>Rahastonhoitaja Jarmo Juntunen esitteli vuoden 2007 tilinpäätöksen joka hyväksyttiin. Tilitoimiston tekemä ja tilintarkastajien hyväksymä tilinpäätös löytyy sihteerin kansiosta.</p>
<p>5. Myönnettiin seuran johtokunnalle tili- ja vastuuvapaus vuodelle 2007</p>
<p>6. Muut asiat<br />
&#8211; todettiin KRV-2008 järjestelyjen onnistuneen loistavasti ja päätettiin valtuuttaa johtokunta muistamaan talkoolaisia ja vastuuhenkilöitä<br />
&#8211; todettiin että Trimtex on toimittanut uudet suunnistuspaidat viime kesän epäonnistuneiden paitojen tilalle<br />
&#8211; keskusteltiin Kallen Kupin ajankohdasta: kilpailunjärjestäjä Petteri Niskanen tekee piakkoin ehdotuksensa, yritetään löytää aika joka sopii kaikille halukkaille<br />
&#8211; pyritään järjestämään syksyn aikana Hyryrasteja Ukkohallan uudella kartalla<br />
&#8211; todettiin että nuorten ja aikuisten suunistuskoulu on pyörinyt hyvin keväästä lähtien ja toimintaa jatketaan. Mukana on ollut kymmeniä aktiivisia alkeiskurssilaisia!</p>
<p>7. Puheenjohtaja päätti kokouksen klo 15.45</p>
<p>pj. Timo Partanen<br />
siht. J-P Keränen<br />
ptk. tark. Jarmo Juntunen<br />
ptk. tark. Juha Partanen</p>

<p>Asia: Rasti-Hyry ry:n kevätkokous Paikka: Ukkohalla Aika: 11.07.2008 klo 15.00 1. Puheenjohtaja Timo Partanen avasi kokouksen klo 15.00 2. Valittiin kokouksen toimihenkilöt &#8211; pj. Timo Partanen &#8211; sihteeri Juha-Pekka Keränen &#8211; ptk. tarkastajat Jarmo Juntunen ja Juha Partanen &#8211; ääntenlaskijat Jarmo&hellip; </p>
