{"id":122,"date":"2014-07-03T06:51:20","date_gmt":"2014-07-03T06:51:20","guid":{"rendered":"http:\/\/rasti-hyry.net\/wordpress\/?page_id=122"},"modified":"2014-07-03T07:27:17","modified_gmt":"2014-07-03T07:27:17","slug":"kevatkokous-2007","status":"publish","type":"page","link":"http:\/\/rasti-hyry.net\/wordpress\/?page_id=122","title":{"rendered":"Kev\u00e4tkokous 2007"},"content":{"rendered":"<table style=\"color: #3a453b;\" border=\"0\" cellspacing=\"0\" cellpadding=\"0\">\n<tbody>\n<tr>\n<td class=\"td_PTK_korostus1\" valign=\"top\" width=\"30\">1.<\/td>\n<td class=\"td_PTK_korostus1\" colspan=\"2\">Rasti-Hyryn sihteeri Juha-Pekka Ker\u00e4nen avasi kokouksen klo 09.00<\/td>\n<\/tr>\n<tr>\n<td class=\"td_PTK_korostus2\" valign=\"top\" width=\"30\">2.<\/td>\n<td class=\"td_PTK_korostus2\" colspan=\"2\">Valittiin kokouksen puheenjohtajaksi Timo Partanen ja sihteeriksi Juha-Pekka Ker\u00e4nen<\/td>\n<\/tr>\n<tr>\n<td class=\"td_PTK_korostus1\" valign=\"top\" width=\"30\">3.<\/td>\n<td class=\"td_PTK_korostus1\" colspan=\"2\">Valittiin kokouksen p\u00f6yt\u00e4kirjantarkastajiksi Tuija Jurvakainen ja Tapani Ronkainen<\/td>\n<\/tr>\n<tr>\n<td class=\"td_PTK_korostus2\" valign=\"top\" width=\"30\">4.<\/td>\n<td class=\"td_PTK_korostus2\" colspan=\"2\">Todettiin kokous lailliseksi ja p\u00e4\u00e4t\u00f6svaltaiseksi<\/td>\n<\/tr>\n<tr>\n<td class=\"td_PTK_korostus1\" valign=\"top\" width=\"30\">5.<\/td>\n<td class=\"td_PTK_korostus1\" colspan=\"2\">L\u00e4sn\u00e4 18 seuran j\u00e4sent\u00e4, osallistujaluettelo liitteen\u00e4<\/td>\n<\/tr>\n<tr>\n<td class=\"td_PTK_korostus2\" valign=\"top\" width=\"30\">6.<\/td>\n<td class=\"td_PTK_korostus2\" colspan=\"2\">Puheenjohtaja Timo Partanen esitteli toimintavuoden 2006 toimintakertomuksen ja tilinp\u00e4\u00e4t\u00f6ksen. Toimintakertomus hyv\u00e4ksyttiin ja tilinp\u00e4\u00e4t\u00f6s vahvistettiin.<\/td>\n<\/tr>\n<tr>\n<td class=\"td_PTK_korostus1\" valign=\"top\" width=\"30\">7.<\/td>\n<td class=\"td_PTK_korostus1\" colspan=\"2\">Rasti-Hyryn johtokunnalle my\u00f6nnettiin tili- ja vastuuvapaus toimintavuodelta 2006<\/td>\n<\/tr>\n<tr>\n<td class=\"td_PTK_korostus2\" rowspan=\"8\" valign=\"top\" width=\"30\">8.<\/td>\n<td class=\"td_PTK_korostus2\" colspan=\"2\">Muut asiat<\/td>\n<\/tr>\n<tr>\n<td class=\"td_PTK_korostus2\" valign=\"top\" width=\"20\">&#8211;<\/td>\n<td class=\"td_PTK_korostus2\">Timo Partanen piti KRV 2008 tilannekatsauksen:<br \/>\nRastiviikko etenee suunnitelmien mukaan ja t\u00e4ll\u00e4 hetkell\u00e4 suurin panostus on markkinoinnissa. Rasti-Hyry osallistuu omalla panoksellaan markkinointiin eri suunnistustapahtumissa. Jukolan viestiss\u00e4 markkinointia suoritetaan markkinointiteltassa yhdess\u00e4 Kainuun Liikunnan, Kajaanin Suunnistajien ja Fin5 \u2013rastiviikon j\u00e4rjest\u00e4jien kanssa. Markkinointi jatkuu muissa suurissa suunnistustapahtumissa, kuten Sotkamon rastiviikolla ja Kuusamon veteraanien MM-kisoissa. Kaikkien seuran j\u00e4senten toivotaan olevan markkinointiryhm\u00e4n (J-P, Timo, Jarmo, Juha P, Esa ja Eero) apuna markkinoinnissa.<\/td>\n<\/tr>\n<tr>\n<td class=\"td_PTK_korostus2\" valign=\"top\" width=\"20\">&#8211;<\/td>\n<td class=\"td_PTK_korostus2\">Keskusteltiin kes\u00e4n ja syksyn t\u00e4rkeimmist\u00e4 kilpailuista mm. SM-viesteist\u00e4 ja Kuusamon veteraanien MM-kisoista<\/td>\n<\/tr>\n<tr>\n<td class=\"td_PTK_korostus2\" valign=\"top\" width=\"20\">&#8211;<\/td>\n<td class=\"td_PTK_korostus2\">J-P Ker\u00e4nen kertoi seuran uusien suunnistuspukujen tilausprosessista ja uudet puvut jaettiin niit\u00e4 tilanneille. Muistutettiin pukujen hinnoista: paita 40 \u20ac ja housut 30 \u20ac. Lis\u00e4ksi muistutettiin j\u00e4seni\u00e4 j\u00e4senmaksuista, jotka olivat perhe 20 \u20ac, aikuinen 10 \u20ac ja lapsi (alle 16-vuotias) 5 \u20ac<\/td>\n<\/tr>\n<tr>\n<td class=\"td_PTK_korostus2\" valign=\"top\" width=\"20\">&#8211;<\/td>\n<td class=\"td_PTK_korostus2\">Seuramme uusi j\u00e4sen, paluumuuttaja Petteri Niskanen kertoi seuravaihdoksen taustoista ja henkil\u00f6kohtaisista tavoitteistaan mm. viestien osalta.<\/td>\n<\/tr>\n<tr>\n<td class=\"td_PTK_korostus2\" valign=\"top\" width=\"20\">&#8211;<\/td>\n<td class=\"td_PTK_korostus2\">J-P Ker\u00e4nen kertoi kotisivujen valmistumisesta ja esitti j\u00e4senille toiveen tuottaa materiaalia valmistuville sivuille.<\/td>\n<\/tr>\n<tr>\n<td class=\"td_PTK_korostus2\" valign=\"top\" width=\"20\">&#8211;<\/td>\n<td class=\"td_PTK_korostus2\">Eero Juntunen kutsui seuran j\u00e4senet 1.9.2007 Kuhmoon 50-vuotissyntym\u00e4p\u00e4ivilleen ja samalla juoksemaan seuran mestaruuskilpailuihin Kallen Cupiin.<\/td>\n<\/tr>\n<tr>\n<td class=\"td_PTK_korostus2\" valign=\"top\" width=\"20\">&#8211;<\/td>\n<td class=\"td_PTK_korostus2\">Timo Partanen kertoi Hyrynsalmen kunnan liikuntatoimen vuoden 2007 avustuksista: Rasti-Hyry Ry sai kunnalta 2000 \u20ac avustuksen, p\u00e4\u00e4t\u00f6ksest\u00e4 valitettiin, mutta valitus hyl\u00e4ttiin. Niinp\u00e4 Rasti-Hyryn on t\u00e4n\u00e4 vuonna tyytyminen pienemp\u00e4\u00e4n avustukseen kuin aikaisempina vuosina, toisin kuin muilla hakijoilla.<\/td>\n<\/tr>\n<tr>\n<td class=\"td_PTK_korostus1\" valign=\"top\" width=\"30\">9.<\/td>\n<td class=\"td_PTK_korostus1\" colspan=\"2\">Puheenjohtaja p\u00e4\u00e4tti kokouksen klo 09.50<\/td>\n<\/tr>\n<\/tbody>\n<\/table>\n<p style=\"color: #3a453b;\">\nPj. Timo Partanen<br \/>\nsihteeri Juha-Pekka Ker\u00e4nen<br \/>\nptk. tarkastaja Tuija Jurvakainen<br \/>\nptk. tarkastaja Tapani Ronkainen<\/p>\n","protected":false},"excerpt":{"rendered":"<p>1. Rasti-Hyryn sihteeri Juha-Pekka Ker\u00e4nen avasi kokouksen klo 09.00 2. Valittiin kokouksen puheenjohtajaksi Timo Partanen ja sihteeriksi Juha-Pekka Ker\u00e4nen 3. Valittiin kokouksen p\u00f6yt\u00e4kirjantarkastajiksi Tuija Jurvakainen ja Tapani Ronkainen 4. Todettiin kokous lailliseksi ja p\u00e4\u00e4t\u00f6svaltaiseksi 5. L\u00e4sn\u00e4 18 seuran j\u00e4sent\u00e4, osallistujaluettelo&hellip; <\/p>\n","protected":false},"author":1,"featured_media":0,"parent":12,"menu_order":11,"comment_status":"closed","ping_status":"closed","template":"","meta":{"footnotes":""},"class_list":["post-122","page","type-page","status-publish","hentry"],"_links":{"self":[{"href":"http:\/\/rasti-hyry.net\/wordpress\/index.php?rest_route=\/wp\/v2\/pages\/122","targetHints":{"allow":["GET"]}}],"collection":[{"href":"http:\/\/rasti-hyry.net\/wordpress\/index.php?rest_route=\/wp\/v2\/pages"}],"about":[{"href":"http:\/\/rasti-hyry.net\/wordpress\/index.php?rest_route=\/wp\/v2\/types\/page"}],"author":[{"embeddable":true,"href":"http:\/\/rasti-hyry.net\/wordpress\/index.php?rest_route=\/wp\/v2\/users\/1"}],"replies":[{"embeddable":true,"href":"http:\/\/rasti-hyry.net\/wordpress\/index.php?rest_route=%2Fwp%2Fv2%2Fcomments&post=122"}],"version-history":[{"count":3,"href":"http:\/\/rasti-hyry.net\/wordpress\/index.php?rest_route=\/wp\/v2\/pages\/122\/revisions"}],"predecessor-version":[{"id":158,"href":"http:\/\/rasti-hyry.net\/wordpress\/index.php?rest_route=\/wp\/v2\/pages\/122\/revisions\/158"}],"up":[{"embeddable":true,"href":"http:\/\/rasti-hyry.net\/wordpress\/index.php?rest_route=\/wp\/v2\/pages\/12"}],"wp:attachment":[{"href":"http:\/\/rasti-hyry.net\/wordpress\/index.php?rest_route=%2Fwp%2Fv2%2Fmedia&parent=122"}],"curies":[{"name":"wp","href":"https:\/\/api.w.org\/{rel}","templated":true}]}}

Kevätkokous 2007

<table style="color: #3a453b;" border="0" cellspacing="0" cellpadding="0">
<tbody>
<tr>
<td class="td_PTK_korostus1" valign="top" width="30">1.</td>
<td class="td_PTK_korostus1" colspan="2">Rasti-Hyryn sihteeri Juha-Pekka Keränen avasi kokouksen klo 09.00</td>
</tr>
<tr>
<td class="td_PTK_korostus2" valign="top" width="30">2.</td>
<td class="td_PTK_korostus2" colspan="2">Valittiin kokouksen puheenjohtajaksi Timo Partanen ja sihteeriksi Juha-Pekka Keränen</td>
</tr>
<tr>
<td class="td_PTK_korostus1" valign="top" width="30">3.</td>
<td class="td_PTK_korostus1" colspan="2">Valittiin kokouksen pöytäkirjantarkastajiksi Tuija Jurvakainen ja Tapani Ronkainen</td>
</tr>
<tr>
<td class="td_PTK_korostus2" valign="top" width="30">4.</td>
<td class="td_PTK_korostus2" colspan="2">Todettiin kokous lailliseksi ja päätösvaltaiseksi</td>
</tr>
<tr>
<td class="td_PTK_korostus1" valign="top" width="30">5.</td>
<td class="td_PTK_korostus1" colspan="2">Läsnä 18 seuran jäsentä, osallistujaluettelo liitteenä</td>
</tr>
<tr>
<td class="td_PTK_korostus2" valign="top" width="30">6.</td>
<td class="td_PTK_korostus2" colspan="2">Puheenjohtaja Timo Partanen esitteli toimintavuoden 2006 toimintakertomuksen ja tilinpäätöksen. Toimintakertomus hyväksyttiin ja tilinpäätös vahvistettiin.</td>
</tr>
<tr>
<td class="td_PTK_korostus1" valign="top" width="30">7.</td>
<td class="td_PTK_korostus1" colspan="2">Rasti-Hyryn johtokunnalle myönnettiin tili- ja vastuuvapaus toimintavuodelta 2006</td>
</tr>
<tr>
<td class="td_PTK_korostus2" rowspan="8" valign="top" width="30">8.</td>
<td class="td_PTK_korostus2" colspan="2">Muut asiat</td>
</tr>
<tr>
<td class="td_PTK_korostus2" valign="top" width="20">&#8211;</td>
<td class="td_PTK_korostus2">Timo Partanen piti KRV 2008 tilannekatsauksen:<br />
Rastiviikko etenee suunnitelmien mukaan ja tällä hetkellä suurin panostus on markkinoinnissa. Rasti-Hyry osallistuu omalla panoksellaan markkinointiin eri suunnistustapahtumissa. Jukolan viestissä markkinointia suoritetaan markkinointiteltassa yhdessä Kainuun Liikunnan, Kajaanin Suunnistajien ja Fin5 –rastiviikon järjestäjien kanssa. Markkinointi jatkuu muissa suurissa suunnistustapahtumissa, kuten Sotkamon rastiviikolla ja Kuusamon veteraanien MM-kisoissa. Kaikkien seuran jäsenten toivotaan olevan markkinointiryhmän (J-P, Timo, Jarmo, Juha P, Esa ja Eero) apuna markkinoinnissa.</td>
</tr>
<tr>
<td class="td_PTK_korostus2" valign="top" width="20">&#8211;</td>
<td class="td_PTK_korostus2">Keskusteltiin kesän ja syksyn tärkeimmistä kilpailuista mm. SM-viesteistä ja Kuusamon veteraanien MM-kisoista</td>
</tr>
<tr>
<td class="td_PTK_korostus2" valign="top" width="20">&#8211;</td>
<td class="td_PTK_korostus2">J-P Keränen kertoi seuran uusien suunnistuspukujen tilausprosessista ja uudet puvut jaettiin niitä tilanneille. Muistutettiin pukujen hinnoista: paita 40 € ja housut 30 €. Lisäksi muistutettiin jäseniä jäsenmaksuista, jotka olivat perhe 20 €, aikuinen 10 € ja lapsi (alle 16-vuotias) 5 €</td>
</tr>
<tr>
<td class="td_PTK_korostus2" valign="top" width="20">&#8211;</td>
<td class="td_PTK_korostus2">Seuramme uusi jäsen, paluumuuttaja Petteri Niskanen kertoi seuravaihdoksen taustoista ja henkilökohtaisista tavoitteistaan mm. viestien osalta.</td>
</tr>
<tr>
<td class="td_PTK_korostus2" valign="top" width="20">&#8211;</td>
<td class="td_PTK_korostus2">J-P Keränen kertoi kotisivujen valmistumisesta ja esitti jäsenille toiveen tuottaa materiaalia valmistuville sivuille.</td>
</tr>
<tr>
<td class="td_PTK_korostus2" valign="top" width="20">&#8211;</td>
<td class="td_PTK_korostus2">Eero Juntunen kutsui seuran jäsenet 1.9.2007 Kuhmoon 50-vuotissyntymäpäivilleen ja samalla juoksemaan seuran mestaruuskilpailuihin Kallen Cupiin.</td>
</tr>
<tr>
<td class="td_PTK_korostus2" valign="top" width="20">&#8211;</td>
<td class="td_PTK_korostus2">Timo Partanen kertoi Hyrynsalmen kunnan liikuntatoimen vuoden 2007 avustuksista: Rasti-Hyry Ry sai kunnalta 2000 € avustuksen, päätöksestä valitettiin, mutta valitus hylättiin. Niinpä Rasti-Hyryn on tänä vuonna tyytyminen pienempään avustukseen kuin aikaisempina vuosina, toisin kuin muilla hakijoilla.</td>
</tr>
<tr>
<td class="td_PTK_korostus1" valign="top" width="30">9.</td>
<td class="td_PTK_korostus1" colspan="2">Puheenjohtaja päätti kokouksen klo 09.50</td>
</tr>
</tbody>
</table>
<p style="color: #3a453b;">
Pj. Timo Partanen<br />
sihteeri Juha-Pekka Keränen<br />
ptk. tarkastaja Tuija Jurvakainen<br />
ptk. tarkastaja Tapani Ronkainen</p>

<p>1. Rasti-Hyryn sihteeri Juha-Pekka Keränen avasi kokouksen klo 09.00 2. Valittiin kokouksen puheenjohtajaksi Timo Partanen ja sihteeriksi Juha-Pekka Keränen 3. Valittiin kokouksen pöytäkirjantarkastajiksi Tuija Jurvakainen ja Tapani Ronkainen 4. Todettiin kokous lailliseksi ja päätösvaltaiseksi 5. Läsnä 18 seuran jäsentä, osallistujaluettelo&hellip; </p>
