{"id":318,"date":"2014-12-27T13:07:53","date_gmt":"2014-12-27T11:07:53","guid":{"rendered":"http:\/\/rasti-hyry.net\/wordpress\/?page_id=318"},"modified":"2015-01-02T19:43:59","modified_gmt":"2015-01-02T17:43:59","slug":"syyskokous-2014","status":"publish","type":"page","link":"http:\/\/rasti-hyry.net\/wordpress\/?page_id=318","title":{"rendered":"Syyskokous 2014"},"content":{"rendered":"<p><strong>KOKOUSP\u00d6YT\u00c4KIRJA 29.12.2014<br \/>\n<\/strong><\/p>\n<p>1. Puheenjohtaja avasi kokouksen klo 18.02.<\/p>\n<p>2. Valittiin kokouksen toimihenkil\u00f6t<\/p>\n<p>&#8211; pj. Petteri Niskanen<\/p>\n<p>&#8211; siht. Juha Partanen<\/p>\n<p>&#8211; p\u00f6yt\u00e4kirjan tarkastajat Timo Partanen ja Katri Jurvakainen<\/p>\n<p>&#8211; \u00e4\u00e4ntenlaskijat Timo Partanen ja Katri Jurvakainen<\/p>\n<p>3. L\u00e4sn\u00e4 kokouksessa 14 seuran j\u00e4sent\u00e4, osallistujaluettelo liitteen\u00e4.<\/p>\n<p>4. Todettiin kokous lailliseksi ja p\u00e4\u00e4t\u00e4nt\u00e4valtaiseksi.<\/p>\n<p>5. P\u00e4\u00e4tettiin, ett\u00e4 seuran urheilumuodot tulevana vuonna ovat suunnistus eri muodoissa.<\/p>\n<p>6. Puheenjohtaja Petteri Niskanen esitteli tulevan kauden toimintasuunniteleman ja talousarvion, jotka hyv\u00e4ksyttiin seuraavin muutoksin: Toimintasuunnitelmaan kohtaan nuoriso- ja valmennustoiminta\u00a0\u00a0 lis\u00e4t\u00e4\u00e4n lause: J\u00e4rjestet\u00e4\u00e4n nuorten suunnistuskoulu. Talousarvio ja toimintasuunnitelma liittein\u00e4 1 ja 2.<\/p>\n<p>7. Uudeksi puheenjohtajaksi valittiin Petteri Niskanen.<\/p>\n<p>8. Johtokunnan erovuoroisista j\u00e4senist\u00e4 JuhaPartanen, Veli-Matti L\u00e4hdesm\u00e4ki ja Tuula Partanen valittiin uudelleen.<\/p>\n<p>9. Toiminnantarkastajaksi valittiin Raija-Liisa Heikkinen ja varatoiminnantarkastajaksi Tiina Malm-Heikkinen.<\/p>\n<p>10. J\u00e4senmaksuksi 2015 vahvistettiin perhe 20\u20ac, aikuinen 10\u20ac ja alle 16-vuotias 5\u20ac.<\/p>\n<p>11. P\u00e4\u00e4tettiin, ett\u00e4 seuran johtokunta valitsee edustajat virallisiin kokouksiin.<\/p>\n<p>12. Muut asiat:<\/p>\n<p>&#8211; P\u00e4\u00e4tettiin korottaa kilometrikorvausta, siten ett\u00e4 seura korvaa matkakorvauksia 15 snt\/km + 1snt\/lis\u00e4henkil\u00f6 nuorisocup, Am- ja SM- kilpailujen osalta.<\/p>\n<p>13. Puheenjohtaja p\u00e4\u00e4tti kokouksen klo 18.17.<\/p>\n<p>\u00ad\u00ad<\/p>\n<p>&nbsp;<\/p>\n","protected":false},"excerpt":{"rendered":"<p>KOKOUSP\u00d6YT\u00c4KIRJA 29.12.2014 1. Puheenjohtaja avasi kokouksen klo 18.02. 2. Valittiin kokouksen toimihenkil\u00f6t &#8211; pj. Petteri Niskanen &#8211; siht. Juha Partanen &#8211; p\u00f6yt\u00e4kirjan tarkastajat Timo Partanen ja Katri Jurvakainen &#8211; \u00e4\u00e4ntenlaskijat Timo Partanen ja Katri Jurvakainen 3. L\u00e4sn\u00e4 kokouksessa 14 seuran&hellip; <\/p>\n","protected":false},"author":1,"featured_media":0,"parent":12,"menu_order":0,"comment_status":"closed","ping_status":"open","template":"","meta":{"footnotes":""},"class_list":["post-318","page","type-page","status-publish","hentry"],"_links":{"self":[{"href":"http:\/\/rasti-hyry.net\/wordpress\/index.php?rest_route=\/wp\/v2\/pages\/318","targetHints":{"allow":["GET"]}}],"collection":[{"href":"http:\/\/rasti-hyry.net\/wordpress\/index.php?rest_route=\/wp\/v2\/pages"}],"about":[{"href":"http:\/\/rasti-hyry.net\/wordpress\/index.php?rest_route=\/wp\/v2\/types\/page"}],"author":[{"embeddable":true,"href":"http:\/\/rasti-hyry.net\/wordpress\/index.php?rest_route=\/wp\/v2\/users\/1"}],"replies":[{"embeddable":true,"href":"http:\/\/rasti-hyry.net\/wordpress\/index.php?rest_route=%2Fwp%2Fv2%2Fcomments&post=318"}],"version-history":[{"count":4,"href":"http:\/\/rasti-hyry.net\/wordpress\/index.php?rest_route=\/wp\/v2\/pages\/318\/revisions"}],"predecessor-version":[{"id":333,"href":"http:\/\/rasti-hyry.net\/wordpress\/index.php?rest_route=\/wp\/v2\/pages\/318\/revisions\/333"}],"up":[{"embeddable":true,"href":"http:\/\/rasti-hyry.net\/wordpress\/index.php?rest_route=\/wp\/v2\/pages\/12"}],"wp:attachment":[{"href":"http:\/\/rasti-hyry.net\/wordpress\/index.php?rest_route=%2Fwp%2Fv2%2Fmedia&parent=318"}],"curies":[{"name":"wp","href":"https:\/\/api.w.org\/{rel}","templated":true}]}}

<p><strong>KOKOUSPÖYTÄKIRJA 29.12.2014<br />
</strong></p>
<p>1. Puheenjohtaja avasi kokouksen klo 18.02.</p>
<p>2. Valittiin kokouksen toimihenkilöt</p>
<p>&#8211; pj. Petteri Niskanen</p>
<p>&#8211; siht. Juha Partanen</p>
<p>&#8211; pöytäkirjan tarkastajat Timo Partanen ja Katri Jurvakainen</p>
<p>&#8211; ääntenlaskijat Timo Partanen ja Katri Jurvakainen</p>
<p>3. Läsnä kokouksessa 14 seuran jäsentä, osallistujaluettelo liitteenä.</p>
<p>4. Todettiin kokous lailliseksi ja päätäntävaltaiseksi.</p>
<p>5. Päätettiin, että seuran urheilumuodot tulevana vuonna ovat suunnistus eri muodoissa.</p>
<p>6. Puheenjohtaja Petteri Niskanen esitteli tulevan kauden toimintasuunniteleman ja talousarvion, jotka hyväksyttiin seuraavin muutoksin: Toimintasuunnitelmaan kohtaan nuoriso- ja valmennustoiminta   lisätään lause: Järjestetään nuorten suunnistuskoulu. Talousarvio ja toimintasuunnitelma liitteinä 1 ja 2.</p>
<p>7. Uudeksi puheenjohtajaksi valittiin Petteri Niskanen.</p>
<p>8. Johtokunnan erovuoroisista jäsenistä JuhaPartanen, Veli-Matti Lähdesmäki ja Tuula Partanen valittiin uudelleen.</p>
<p>9. Toiminnantarkastajaksi valittiin Raija-Liisa Heikkinen ja varatoiminnantarkastajaksi Tiina Malm-Heikkinen.</p>
<p>10. Jäsenmaksuksi 2015 vahvistettiin perhe 20€, aikuinen 10€ ja alle 16-vuotias 5€.</p>
<p>11. Päätettiin, että seuran johtokunta valitsee edustajat virallisiin kokouksiin.</p>
<p>12. Muut asiat:</p>
<p>&#8211; Päätettiin korottaa kilometrikorvausta, siten että seura korvaa matkakorvauksia 15 snt/km + 1snt/lisähenkilö nuorisocup, Am- ja SM- kilpailujen osalta.</p>
<p>13. Puheenjohtaja päätti kokouksen klo 18.17.</p>
<p>­­</p>
<p>&nbsp;</p>

<p>KOKOUSPÖYTÄKIRJA 29.12.2014 1. Puheenjohtaja avasi kokouksen klo 18.02. 2. Valittiin kokouksen toimihenkilöt &#8211; pj. Petteri Niskanen &#8211; siht. Juha Partanen &#8211; pöytäkirjan tarkastajat Timo Partanen ja Katri Jurvakainen &#8211; ääntenlaskijat Timo Partanen ja Katri Jurvakainen 3. Läsnä kokouksessa 14 seuran&hellip; </p>
