{"id":772,"date":"2018-04-30T09:28:25","date_gmt":"2018-04-30T06:28:25","guid":{"rendered":"http:\/\/rasti-hyry.net\/wordpress\/?page_id=772"},"modified":"2018-06-12T10:34:28","modified_gmt":"2018-06-12T07:34:28","slug":"am-keskimatka-10-6-2018","status":"publish","type":"page","link":"http:\/\/rasti-hyry.net\/wordpress\/?page_id=772","title":{"rendered":"Am-keskimatka 10.6.2018"},"content":{"rendered":"<p><a href=\"http:\/\/rasti-hyry.net\/wordpress\/?page_id=777\">Kilpailukutsu<\/a><\/p>\n<p><a href=\"http:\/\/rasti-hyry.net\/wordpress\/wp-content\/uploads\/2018\/06\/Kilpailuohjeet-2018.pdf\" target=\"_blank\" rel=\"noopener noreferrer\">Kilpailuohjeet<\/a><\/p>\n<p><a href=\"http:\/\/rasti-hyry.net\/wordpress\/wp-content\/uploads\/2018\/06\/sarjoittain.html\" target=\"_blank\" rel=\"noopener noreferrer\">L\u00e4ht\u00f6ajat<\/a><\/p>\n<p><a href=\"http:\/\/rasti-hyry.net\/wordpress\/wp-content\/uploads\/2018\/06\/tulokset_18-1.html\" target=\"_blank\" rel=\"noopener noreferrer\">Tulokset<\/a><\/p>\n<p><a href=\"http:\/\/rasti-hyry.net\/wordpress\/wp-content\/uploads\/2018\/06\/v\u00e4liajat_18-1.html\" target=\"_blank\" rel=\"noopener noreferrer\">V\u00e4liajat<\/a><\/p>\n","protected":false},"excerpt":{"rendered":"<p>Kilpailukutsu Kilpailuohjeet L\u00e4ht\u00f6ajat Tulokset V\u00e4liajat<\/p>\n","protected":false},"author":1,"featured_media":0,"parent":14,"menu_order":0,"comment_status":"closed","ping_status":"closed","template":"","meta":{"footnotes":""},"class_list":["post-772","page","type-page","status-publish","hentry"],"_links":{"self":[{"href":"http:\/\/rasti-hyry.net\/wordpress\/index.php?rest_route=\/wp\/v2\/pages\/772","targetHints":{"allow":["GET"]}}],"collection":[{"href":"http:\/\/rasti-hyry.net\/wordpress\/index.php?rest_route=\/wp\/v2\/pages"}],"about":[{"href":"http:\/\/rasti-hyry.net\/wordpress\/index.php?rest_route=\/wp\/v2\/types\/page"}],"author":[{"embeddable":true,"href":"http:\/\/rasti-hyry.net\/wordpress\/index.php?rest_route=\/wp\/v2\/users\/1"}],"replies":[{"embeddable":true,"href":"http:\/\/rasti-hyry.net\/wordpress\/index.php?rest_route=%2Fwp%2Fv2%2Fcomments&post=772"}],"version-history":[{"count":8,"href":"http:\/\/rasti-hyry.net\/wordpress\/index.php?rest_route=\/wp\/v2\/pages\/772\/revisions"}],"predecessor-version":[{"id":811,"href":"http:\/\/rasti-hyry.net\/wordpress\/index.php?rest_route=\/wp\/v2\/pages\/772\/revisions\/811"}],"up":[{"embeddable":true,"href":"http:\/\/rasti-hyry.net\/wordpress\/index.php?rest_route=\/wp\/v2\/pages\/14"}],"wp:attachment":[{"href":"http:\/\/rasti-hyry.net\/wordpress\/index.php?rest_route=%2Fwp%2Fv2%2Fmedia&parent=772"}],"curies":[{"name":"wp","href":"https:\/\/api.w.org\/{rel}","templated":true}]}}