{"id":990,"date":"2021-04-18T12:13:49","date_gmt":"2021-04-18T09:13:49","guid":{"rendered":"http:\/\/rasti-hyry.net\/wordpress\/?page_id=990"},"modified":"2021-05-30T22:30:39","modified_gmt":"2021-05-30T19:30:39","slug":"am-keskimatka-30-5-2021","status":"publish","type":"page","link":"http:\/\/rasti-hyry.net\/wordpress\/?page_id=990","title":{"rendered":"Am-keskimatka 30.5.2021"},"content":{"rendered":"\n<p><a href=\"http:\/\/rasti-hyry.net\/wordpress\/wp-content\/uploads\/2021\/04\/Keskimatkan-kilpailukutsu-2021.pdf\" target=\"_blank\" rel=\"noreferrer noopener\">Kilpailukutsu<\/a><\/p>\n\n\n\n<p><a href=\"http:\/\/rasti-hyry.net\/wordpress\/wp-content\/uploads\/2021\/05\/Kilpailuohjeet-2021.pdf\">Kilpailuohjeet<\/a><\/p>\n\n\n\n<p><a href=\"http:\/\/rasti-hyry.net\/wordpress\/wp-content\/uploads\/2021\/05\/lahtoluettelo-sarjoittain-1.html\">L\u00e4ht\u00f6ajat<\/a><\/p>\n\n\n\n<p><a href=\"http:\/\/rasti-hyry.net\/wordpress\/wp-content\/uploads\/2021\/05\/Tulokset_keskimatka2021.html\">Tulokset<\/a><\/p>\n\n\n\n<p><a href=\"http:\/\/rasti-hyry.net\/wordpress\/wp-content\/uploads\/2021\/05\/rastivaliajat_keskimatka2021.html\">V\u00e4liajat<\/a><\/p>\n","protected":false},"excerpt":{"rendered":"<p>Kilpailukutsu Kilpailuohjeet L\u00e4ht\u00f6ajat Tulokset V\u00e4liajat<\/p>\n","protected":false},"author":1,"featured_media":0,"parent":0,"menu_order":0,"comment_status":"closed","ping_status":"closed","template":"","meta":{"footnotes":""},"class_list":["post-990","page","type-page","status-publish","hentry"],"_links":{"self":[{"href":"http:\/\/rasti-hyry.net\/wordpress\/index.php?rest_route=\/wp\/v2\/pages\/990","targetHints":{"allow":["GET"]}}],"collection":[{"href":"http:\/\/rasti-hyry.net\/wordpress\/index.php?rest_route=\/wp\/v2\/pages"}],"about":[{"href":"http:\/\/rasti-hyry.net\/wordpress\/index.php?rest_route=\/wp\/v2\/types\/page"}],"author":[{"embeddable":true,"href":"http:\/\/rasti-hyry.net\/wordpress\/index.php?rest_route=\/wp\/v2\/users\/1"}],"replies":[{"embeddable":true,"href":"http:\/\/rasti-hyry.net\/wordpress\/index.php?rest_route=%2Fwp%2Fv2%2Fcomments&post=990"}],"version-history":[{"count":9,"href":"http:\/\/rasti-hyry.net\/wordpress\/index.php?rest_route=\/wp\/v2\/pages\/990\/revisions"}],"predecessor-version":[{"id":1026,"href":"http:\/\/rasti-hyry.net\/wordpress\/index.php?rest_route=\/wp\/v2\/pages\/990\/revisions\/1026"}],"wp:attachment":[{"href":"http:\/\/rasti-hyry.net\/wordpress\/index.php?rest_route=%2Fwp%2Fv2%2Fmedia&parent=990"}],"curies":[{"name":"wp","href":"https:\/\/api.w.org\/{rel}","templated":true}]}}